904*d - 1900*d. What are the prime factors of d?
2, 5, 467
What are the prime factors of (-12)/(-27) + (-31409000)/(-1764)?
2, 29, 307
Suppose 0 = w - 4 - 0, -3*f - 3*w + 30 = 0. Suppose -5*s + 25 = k, -f*s - 4*k - 8 = -4*s. Suppose 181 = s*u - 95. List the prime factors of u.
2, 23
Let d = 86821 - 61410. List the prime factors of d.
25411
Suppose 0 = -3*u + 5*d - 2380, 3*u - d = 6*u + 2386. Let w = -772 - u. What are the prime factors of w?
23
Suppose 26*l - 235963 = -54379. What are the prime factors of l?
2, 3, 97
Suppose j - 3*t + 100977 = 6*j, 4*j + 5*t = 80792. What are the prime factors of j?
3, 53, 127
Suppose 0 = c + 2*x - 2459, c + 18*x - 2477 = 22*x. List the prime factors of c.
5, 17, 29
Suppose -9795 + 2965 = -5*w. Let z = w + -781. What are the prime factors of z?
3, 5, 13
Suppose 3*n + 4*q - 109 = 0, 5*n - 167 = -8*q + 5*q. Suppose -n*u + 23*u = -3536. What are the prime factors of u?
2, 13, 17
Let f be (-27)/(-36) + 15111/12. Let x = f - 852. List the prime factors of x.
2, 3, 17
Let k = -25 + 39. Let m be k*2/(6/3). Suppose -m*w + 261 = -11*w. List the prime factors of w.
3, 29
Let c be 0 + (-8)/4 - 818*-1. Suppose -7*b = -c - 584. List the prime factors of b.
2, 5
Let o be 16 - 13 - 3/1. Suppose d = -d + 3*c + 52, o = 3*d + 3*c - 48. Let q = d - -70. What are the prime factors of q?
2, 3, 5
Let w be -1 - 4/((-12)/9). Let y(u) = -u + 4*u**w - 7*u + 4*u - 10. What are the prime factors of y(5)?
2, 5, 7
Suppose -96*d + j = -98*d + 14586, j + 7296 = d. What are the prime factors of d?
2, 7, 521
Let d be (-242)/33 + 2/(-3). Let a be 91 + 3 + d/2. Let q = a - -104. List the prime factors of q.
2, 97
Let u = 76 - 69. Suppose -20*a + u*a = -9334. What are the prime factors of a?
2, 359
Let b(v) = 4*v**2 + 14*v + 63. Let x = -271 - -260. List the prime factors of b(x).
3, 131
Suppose 0 = -2*j + 8, 24 - 36 = -2*n - j. Suppose -4*h + k + 3*k + 2320 = 0, 2*k + n = 0. List the prime factors of h.
2, 17
Let h = -435 + 437. Suppose 2*j + l - 508 = -h*l, -5*j + 1320 = -5*l. What are the prime factors of j?
2, 5, 13
Suppose 101 - 33 = 17*j. Suppose j*g - 1076 = -2*d - 142, -3*d + g = -1401. List the prime factors of d.
467
Suppose 9 = 6*s - 15. Suppose 6 = -2*b + s. What are the prime factors of -2 - b - (-2 - 1 - 173)?
5, 7
Suppose 49048*g = 49054*g - 505308. List the prime factors of g.
2, 17, 2477
Suppose 145*i - 85*i = 104*i - 436128. List the prime factors of i.
2, 3, 7, 59
Let m(h) = h**3 - 22*h**2 - 25*h - 183. List the prime factors of m(40).
27617
Let x(a) = 17*a + 174. Let t be x(-10). Let f = 7 + -2. Suppose -f*q = -5*p + 350, q + 3*q = -t*p + 312. List the prime factors of p.
2, 37
Suppose -2*r + 623 = -1367. Suppose -1499 = -3*f + 14*c - 9*c, -2*f + r = c. List the prime factors of f.
2, 3, 83
Let t(x) = 197*x - 1155. List the prime factors of t(45).
2, 3, 5, 257
Suppose 85*l = 86*l + 6. List the prime factors of ((12/(-5))/l)/((-5)/(-6650)).
2, 7, 19
Suppose -v = -0*v + 187. Suppose -32*j = 76*j + 51840. Let t = v - j. What are the prime factors of t?
293
Let r be (-11 + 7)/((-3 - -1)/(-8)). Let l be ((-50)/(-4))/5 - 24/r. What are the prime factors of ((-906)/(-12))/(2/l)?
151
Let c(f) = 6*f - 13. Suppose -5*d + 0*r = -5*r + 35, 4*r - 10 = -5*d. Let q be (d/(-8)*6)/((-1)/(-8)). What are the prime factors of c(q)?
59
Let r = 14827 + -8434. List the prime factors of r.
3, 2131
Let s = -120 + 343. Let j be (-2)/4*(s + -27). Let n = j - -174. List the prime factors of n.
2, 19
Suppose 0 = -86*f + 442842 + 15452. List the prime factors of f.
73
Suppose -3*n = 5*n - 3720. Let h = 850 - n. What are the prime factors of h?
5, 7, 11
Let g(i) = 19 - 5*i**3 + 15*i**3 - 12*i**3 - 7*i + 2*i. List the prime factors of g(0).
19
Suppose 7*u = -u + 16. Let q(d) = -13*d - u*d - 15 - 9*d + 3*d. What are the prime factors of q(-10)?
3, 5, 13
Suppose k - 22 = -4*a, 3*k - 131 = -0*a + a. Suppose 0 = 24*g - k*g + 9486. What are the prime factors of g?
17, 31
Let f be (468/(-45))/(0 - (-1)/5). Let i = 74 + f. What are the prime factors of (-10)/(-55) - (-2790)/i?
127
Suppose 21*k - 5*r + 25180 = 25*k, -2*k + 12624 = -6*r. List the prime factors of k.
2, 3, 5, 7
Let x = 35022 + -19673. What are the prime factors of x?
15349
Let h(m) be the third derivative of 33*m**5/5 - 7*m**4/24 - 2*m**3 - 177*m**2. List the prime factors of h(-2).
2, 13, 61
Let i = -8541 - -21468. What are the prime factors of i?
3, 31, 139
Let a(q) = 3*q - 79. Let r be a(24). Let z = r - -18. Suppose z*f = 811 + 586. What are the prime factors of f?
127
Let q(g) = -28*g + 89. Let i be q(3). Suppose -5*l = -i*h - 270, l + 15*h - 54 = 12*h. What are the prime factors of l?
2, 3
Let r(x) = -x**2 + 3*x - 4. Let w be r(0). Let g be (-17064)/(-32) + 1/w. Suppose 5*z = d + g, 220 = 4*z - 2*z + 3*d. List the prime factors of z.
107
Let k = 783 - 776. What are the prime factors of 77 - k/(-21)*15?
2, 41
Let a be 98 + (10/(-4) - 207/(-138)). Let k(z) = 4*z**2 + 8*z - 5. Let x be k(-6). Let l = a - x. List the prime factors of l.
2, 3
Suppose 0 = -88*q - 144*q + 5648968. What are the prime factors of q?
13, 1873
Let p(n) = 8*n - 36. Let b be p(11). Let g(i) = i**3 + 20*i**2 + 18*i - 19. Let f be g(-19). What are the prime factors of b + -11 - (1 - (f - -1))?
41
Let h = -183128 - -273283. What are the prime factors of h?
5, 13, 19, 73
Let j = 1867 + -1641. What are the prime factors of j?
2, 113
Let z(a) = 4*a**3 - 8*a + 2. Let u be z(3). Let l = u + -16. Suppose -l = -q - q. List the prime factors of q.
5, 7
Suppose 7840 = 5*o - 2*w, 4*w + 3136 = 2*o - w. What are the prime factors of o?
2, 7
Suppose -3*f - 4*c = -31, f - 2*c + 4 = 1. Let r(a) = -a**3 + 10*a**2 - 13*a + 6. Let t be r(f). What are the prime factors of (-6)/33 - (-738)/t?
11
Let n be (-7)/28 - 1950/(-24). Suppose 82*z - n*z = 651. List the prime factors of z.
3, 7, 31
Let m(n) = n**2 + 6*n - 27. Let p be m(5). Let s(k) = 13*k + 91. What are the prime factors of s(p)?
5, 7, 13
List the prime factors of ((6/(-24))/((-10)/(-2680)))/((-1)/331).
67, 331
Let j(q) = 15*q**2 + 7*q + 60. Let n be j(21). Suppose -13*l - 5*l + n = 0. List the prime factors of l.
379
Let j(x) = 11*x**3 - 3*x**2 - 29*x - 6. List the prime factors of j(6).
2, 3, 29
Let a(n) = 2*n**2 + 151*n - 76. What are the prime factors of a(-84)?
2, 13
Let o(j) be the first derivative of j**4/2 + 8*j**3/3 - 2*j**2 + 7*j - 59. What are the prime factors of o(5)?
19, 23
Suppose -420 = -3*k + 465. Suppose -2*u - 6 = 0, 4*u = n - 0*u - 22. List the prime factors of (-6)/12 + k/n.
29
Suppose f + 77 + 190 = 0. Suppose 0 = -20*b + 34*b + 168. List the prime factors of 3*b/(-9) - (-1 + f).
2, 17
Let w(d) = -d**3 - 71*d**2 + 331*d - 179. What are the prime factors of w(-78)?
47, 353
Suppose 17*o - 18*o = -2. Suppose -10*h = -o*h - 64. Suppose 3*i + 4*r = h*i - 41, -4*i + 4*r = -32. List the prime factors of i.
3
Let b(y) = 8*y**3 + y**2 - 9*y + 38. Let c be b(3). What are the prime factors of (c - -7 - 7) + -2*2?
2, 29
Suppose 249*l + 25 = 254*l. What are the prime factors of (l + -56)*(-50)/(-12)*-8?
2, 5, 17
Let y be 3/(-36)*3 + 411/12. Let t = 34 - y. Suppose t = -4*d - 0*d + 188. What are the prime factors of d?
47
Suppose -29 = -4*m + l - 9, -m + 5 = 4*l. Suppose -3*q + 0 = -m*z + 2, -2*q = -z + 6. Let d(r) = -14*r + 1. List the prime factors of d(z).
29
List the prime factors of (40504 - 0) + (-37 - -49).
2, 7, 1447
Suppose -8*y = -2*y. Suppose -4*i = 3*t - 23, -4*i + t + t - 2 = y. Suppose -4*m = 3*b - i*m - 209, -b - 2*m = -71. What are the prime factors of b?
3, 23
Suppose 19*g = -358 - 117. List the prime factors of (5 + 0)*(-395)/g.
79
Let i = 730 - -1634. What are the prime factors of i/((-6)/(-1)) - -2?
2, 3, 11
Suppose 241978 = 51*v + 194*v - 416582. List the prime factors of v.
2, 3, 7
Let a = -87436 - -124835. What are the prime factors of a?
149, 251
List the prime factors of 1794/4*(-25172)/(-651).
2, 13, 23, 29
Let c(m) = -3*m + 14. Let g be c(3). Let i be 1*g + 7/21*-6. Suppose -3*j + 3*w + 705 = 0, -i*w - 88 = -4*j + 848. What are the prime factors of j?
3, 7, 11
Suppose 0 = 4*y - 2*t - 3243 - 1745, -1242 = -y + 3*t. Let z = y - 872. What are the prime factors of z?
2, 47
Suppose 310*m - 2348907 = 123*m. What are the prime factors of m?
3, 53, 79
Suppose